divided by 2139178?
19
Calculate the remainder when 5691704 is divided by 1897211.
71
Calculate the remainder when 47452 is divided by 9422.
342
Calculate the remainder when 72420427 is divided by 42.
37
What is the remainder when 4596 is divided by 1095?
216
Calculate the remainder when 1729339 is divided by 2782.
1717
Calculate the remainder when 459123731 is divided by 157.
153
Calculate the remainder when 589024769 is divided by 6.
5
What is the remainder when 22724203 is divided by 116534?
73
What is the remainder when 409851 is divided by 40918?
671
Calculate the remainder when 472892 is divided by 2042.
1190
Calculate the remainder when 17077496 is divided by 625.
621
What is the remainder when 878451 is divided by 2161?
1085
What is the remainder when 185512 is divided by 2793?
1174
What is the remainder when 649690 is divided by 1714?
84
What is the remainder when 90326 is divided by 29926?
548
What is the remainder when 529114 is divided by 179?
169
What is the remainder when 3274179 is divided by 1693?
1610
What is the remainder when 7038104 is divided by 33?
29
What is the remainder when 97590 is divided by 32476?
162
What is the remainder when 992396 is divided by 338?
28
What is the remainder when 18422999 is divided by 29524?
23
Calculate the remainder when 5048255 is divided by 37.
12
Calculate the remainder when 2071432 is divided by 4593.
4582
Calculate the remainder when 2195016 is divided by 146307.
411
Calculate the remainder when 68164031 is divided by 356.
355
Calculate the remainder when 1124461 is divided by 86496.
13
What is the remainder when 41015103 is divided by 40?
23
Calculate the remainder when 339996 is divided by 113299.
99
What is the remainder when 279725 is divided by 38?
7
What is the remainder when 31113 is divided by 7047?
2925
Calculate the remainder when 507178 is divided by 1702.
1684
What is the remainder when 19280089 is divided by 895?
894
Calculate the remainder when 27779354 is divided by 1695.
1694
What is the remainder when 3935068 is divided by 1967531?
6
What is the remainder when 874983 is divided by 2769?
2748
What is the remainder when 1485756933 is divided by 12?
9
What is the remainder when 335811 is divided by 148?
147
What is the remainder when 2742224 is divided by 1282?
26
Calculate the remainder when 14932504 is divided by 10613.
13
Calculate the remainder when 3518588 is divided by 410.
378
What is the remainder when 131458 is divided by 14451?
1399
What is the remainder when 8395216 is divided by 39?
37
What is the remainder when 278810760 is divided by 5646?
5634
What is the remainder when 55255865 is divided by 229?
226
Calculate the remainder when 149595 is divided by 73779.
2037
Calculate the remainder when 16178816 is divided by 8717.
64
Calculate the remainder when 41202518 is divided by 1372.
1358
What is the remainder when 4616700 is divided by 300?
0
What is the remainder when 194077 is divided by 256?
29
Calculate the remainder when 46591382 is divided by 1.
0
What is the remainder when 878661 is divided by 12562?
11883
Calculate the remainder when 64986079 is divided by 2325.
4
Calculate the remainder when 1173098 is divided by 1173098.
0
Calculate the remainder when 1249348351 is divided by 73.
71
What is the remainder when 14802392 is divided by 55?
22
What is the remainder when 111650734 is divided by 8?
6
What is the remainder when 612848 is divided by 1121?
782
Calculate the remainder when 132475 is divided by 446.
13
Calculate the remainder when 25813013 is divided by 4302165.
23
Calculate the remainder when 1377431 is divided by 7069.
6045
Calculate the remainder when 12347113 is divided by 90.
13
Calculate the remainder when 2317809 is divided by 405.
399
Calculate the remainder when 972386 is divided by 110.
96
Calculate the remainder when 8036527 is divided by 172.
171
Calculate the remainder when 2356344 is divided by 684.
648
Calculate the remainder when 4069501 is divided by 13.
7
What is the remainder when 539386 is divided by 7004?
78
Calculate the remainder when 1392547 is divided by 2346.
1369
What is the remainder when 1266075 is divided by 35166?
99
Calculate the remainder when 262599 is divided by 1096.
655
Calculate the remainder when 8820262 is divided by 110252.
102
Calculate the remainder when 2856259 is divided by 106.
89
Calculate the remainder when 62910 is divided by 20160.
2430
What is the remainder when 21755835 is divided by 2417309?
54
What is the remainder when 59237034 is divided by 14?
10
Calculate the remainder when 1831308 is divided by 915648.
12
Calculate the remainder when 279945 is divided by 139956.
33
What is the remainder when 162545 is divided by 161289?
1256
Calculate the remainder when 43597984 is divided by 148.
144
Calculate the remainder when 90046247 is divided by 1521.
5
Calculate the remainder when 3008047 is divided by 39.
16
Calculate the remainder when 82852 is divided by 11836.
0
Calculate the remainder when 1211366 is divided by 152.
78
Calculate the remainder when 933998 is divided by 2805.
2738
Calculate the remainder when 1110949 is divided by 3311.
1764
Calculate the remainder when 233157317 is divided by 242.
239
Calculate the remainder when 17534569 is divided by 9785.
9634
What is the remainder when 33972 is divided by 2112?
180
What is the remainder when 95473425 is divided by 2922?
2919
What is the remainder when 65917771 is divided by 1432995?
1
What is the remainder when 1299324 is divided by 505?
464
Calculate the remainder when 1932596 is divided by 120.
116
What is the remainder when 317317 is divided by 18621?
760
Calculate the remainder when 3575674738 is divided by 33.
31
Calculate the remainder when 5402102 is divided by 1649.
1627
What is the remainder when 107275509 is divided by 673?
655
What is the remainder when 23157 is divided by 238?
71
What is the remainder when 211550447 is divided by 1488?
1487
Calculate the remainder when 3092423 is divided by 32.
7
Calculate the remainder when 25419 is divided by 8441.
96
Calculate the remainder when 4186194 is divided by 107334.
168
Calculate the remainder when 1300511 is divided by 34221.
113
Calculate the remainder when 746715 is divided by 21334.
25
What is the remainder when 98307487 is divided by 3404?
3371
Calculate the remainder when 13513748 is divided by 1250.
1248
Calculate the remainder when 5110159 is divided by 1703377.
28
What is the remainder when 643416 is divided by 8758?
4082
Calculate the remainder when 33803 is divided by 140.
63
Calculate the remainder when 44178 is divided by 3206.
2500
What is the remainder when 17829 is divided by 1655?
1279
Calculate the remainder when 23083436 is divided by 1209.
1208
Calculate the remainder when 456733 is divided by 3963.
988
Calculate the remainder when 156260 is divided by 30473.
3895
What is the remainder when 4526050 is divided by 80?
50
What is the remainder when 573677 is divided by 22049?
403
What is the remainder when 2909658 is divided by 124?
122
What is the remainder when 15953331 is divided by 1356?
1347
What is the remainder when 23128 is divided by 22403?
725
What is the remainder when 168529 is divided by 83868?
793
What is the remainder when 10355541 is divided by 10355518?
23
What is the remainder when 1979992 is divided by 800?
792
Calculate the remainder when 1721797 is divided by 7129.
3708
Calculate the remainder when 2013544 is divided by 189.
127
Calculate the remainder when 1583803 is divided by 5.
3
Calculate the remainder when 530273 is divided by 106054.
3
What is the remainder when 35478571 is divided by 35478569?
2
Calculate the remainder when 66216211 is divided by 9492.
19
Calculate the remainder when 3117927 is divided by 779481.
3
What is the remainder when 2980 is divided by 1532?
1448
Calculate the remainder when 33323932 is divided by 3029448.
4
Calculate the remainder when 455280 is divided by 63.
42
What is the remainder when 992615 is divided by 5336?
119
Calculate the remainder when 48371 is divided by 8665.
5046
Calculate the remainder when 354379894 is divided by 52.
50
What is the remainder when 1195405 is divided by 8077?
9
What is the remainder when 1242443 is divided by 4314?
11
Calculate the remainder when 383581 is divided by 1766.
359